git of 21147018?
1
What is the thousands digit of 141312?
1
What is the tens digit of 3733374?
7
What is the hundred thousands digit of 17989095?
9
What is the hundreds digit of 256942?
9
What is the ten thousands digit of 9158597?
5
What is the millions digit of 7144417?
7
What is the units digit of 2900542?
2
What is the hundreds digit of 253988?
9
What is the thousands digit of 3230643?
0
What is the hundreds digit of 2020128?
1
What is the tens digit of 1773142?
4
What is the hundreds digit of 13359960?
9
What is the thousands digit of 17393705?
3
What is the hundred thousands digit of 3499764?
4
What is the tens digit of 2925167?
6
What is the tens digit of 228925?
2
What is the tens digit of 4961607?
0
What is the tens digit of 4335013?
1
What is the tens digit of 3725595?
9
What is the ten thousands digit of 348640?
4
What is the hundreds digit of 31546?
5
What is the thousands digit of 3584636?
4
What is the hundreds digit of 669772?
7
What is the millions digit of 5812591?
5
What is the tens digit of 246350?
5
What is the tens digit of 1084949?
4
What is the units digit of 338236?
6
What is the tens digit of 2310601?
0
What is the units digit of 319843?
3
What is the tens digit of 8193852?
5
What is the ten thousands digit of 1619022?
1
What is the hundreds digit of 22659590?
5
What is the thousands digit of 27434810?
4
What is the hundred thousands digit of 1773782?
7
What is the millions digit of 5464781?
5
What is the hundred thousands digit of 9237657?
2
What is the tens digit of 991317?
1
What is the tens digit of 424736?
3
What is the hundred thousands digit of 2985601?
9
What is the ten thousands digit of 295767?
9
What is the hundreds digit of 5632021?
0
What is the tens digit of 2095908?
0
What is the hundreds digit of 7873306?
3
What is the ten millions digit of 31346944?
3
What is the millions digit of 1934050?
1
What is the hundred thousands digit of 815715?
8
What is the tens digit of 934200?
0
What is the tens digit of 98845?
4
What is the hundreds digit of 90826?
8
What is the hundred thousands digit of 28973517?
9
What is the units digit of 729536?
6
What is the tens digit of 2599480?
8
What is the hundred thousands digit of 2262660?
2
What is the thousands digit of 9463936?
3
What is the hundreds digit of 495502?
5
What is the hundreds digit of 759404?
4
What is the tens digit of 479205?
0
What is the thousands digit of 586328?
6
What is the millions digit of 2630073?
2
What is the hundreds digit of 307597?
5
What is the ten thousands digit of 23717516?
1
What is the units digit of 391911?
1
What is the units digit of 1577273?
3
What is the tens digit of 436226?
2
What is the thousands digit of 3991552?
1
What is the units digit of 48316?
6
What is the hundred thousands digit of 749619?
7
What is the hundred thousands digit of 164102?
1
What is the thousands digit of 3843627?
3
What is the thousands digit of 9215119?
5
What is the tens digit of 988017?
1
What is the units digit of 873966?
6
What is the thousands digit of 574322?
4
What is the hundred thousands digit of 1117261?
1
What is the hundreds digit of 633146?
1
What is the millions digit of 1790906?
1
What is the units digit of 82708?
8
What is the hundreds digit of 644627?
6
What is the hundreds digit of 914070?
0
What is the tens digit of 26748995?
9
What is the hundreds digit of 764084?
0
What is the hundred thousands digit of 2352505?
3
What is the units digit of 4394900?
0
What is the ten millions digit of 10371685?
1
What is the units digit of 528419?
9
What is the hundred thousands digit of 839712?
8
What is the tens digit of 4417411?
1
What is the hundred thousands digit of 4957205?
9
What is the tens digit of 169560?
6
What is the hundred thousands digit of 1887770?
8
What is the ten thousands digit of 4748669?
4
What is the ten thousands digit of 62837?
6
What is the tens digit of 7525836?
3
What is the hundreds digit of 780682?
6
What is the thousands digit of 62908?
2
What is the millions digit of 1436540?
1
What is the tens digit of 653209?
0
What is the units digit of 861862?
2
What is the hundreds digit of 557452?
4
What is the units digit of 920258?
8
What is the hundred thousands digit of 2285814?
2
What is the ten thousands digit of 1030081?
3
What is the millions digit of 7676652?
7
What is the units digit of 402940?
0
What is the ten thousands digit of 29110769?
1
What is the hundred thousands digit of 1245710?
2
What is the hundreds digit of 1076189?
1
What is the units digit of 44183?
3
What is the thousands digit of 16474?
6
What is the ten millions digit of 21890779?
2
What is the thousands digit of 954355?
4
What is the thousands digit of 11318026?
8
What is the hundred thousands digit of 4581927?
5
What is the hundreds digit of 410372?
3
What is the thousands digit of 1686284?
6
What is the thousands digit of 580858?
0
What is the tens digit of 1715040?
4
What is the millions digit of 5947353?
5
What is the units digit of 3103426?
6
What is the ten thousands digit of 3485270?
8
What is the units digit of 273036?
6
What is the tens digit of 2544897?
9
What is the hundreds digit of 364934?
9
What is the hundreds digit of 8971218?
2
What is the hundreds digit of 467200?
2
What is the hundred thousands digit of 6130792?
1
What is the units digit of 176970?
0
What is the hundreds digit of 613720?
7
What is the thousands digit of 3632869?
2
What is the tens digit of 231170?
7
What is the hundred thousands digit of 781344?
7
What is the ten thousands digit of 505150?
0
What is the tens digit of 1779984?
8
What is the hundreds digit of 3940083?
0
What is the ten thousands digit of 701347?
0
What is the tens digit of 32781?
8
What is the hundreds digit of 7757431?
4
What is the tens digit of 293385?
8
What is the hundred thousands digit of 280250?
2
What is the ten thousands digit of 1973962?
7
What is the hundreds digit of 7996917?
9
What is the millions digit of 1517352?
1
What is the ten millions digit of 29177679?
2
What is the hundreds digit of 34111987?
9
What is the ten thousands digit of 132716?
3
What is the units digit of 8408?
8
What is the hundreds digit of 2752949?
9
What is the millions digit of 5052090?
5
What is the ten thousands digit of 1538397?
3
What is the thousands digit of 38837?
8
What is the hundreds digit of 469765?
7
What is the tens digit of 6659484?
8
What is the millions digit of 1059327?
1
What is the thousands digit of 28034?
8
What is the units digit of 352367?
7
What is the units digit of 880341?
1
What is the tens digit of 28227577?
7
What is the units digit of 293276?
6
What is the hundred thousands digit of 20123223?
1
What is the millions digit of 13660984?
3
What is the units digit of 5221663?
3
What is the tens digit of 403219?
1
What is the ten thousands digit of 1085076?
8
What is the units digit of 369639?
9
What is the hundred thousands digit of 1975165?
9
What is the ten thousands digit of 140826?
4
What is the units digit of 504233?
3
What is the tens digit of 17231659?
5
What is the ten thousands digit of 3115804?
1
What is the units digit of 1217061?
1
What is the tens digit of 9063795?
9
What is the thousands digit of 134276?
4
What is the millions digit of 3150752?
3
What is the hundred thousands digit of 443698?
4
What is the tens digit of 4022750?
5
What is the hundred thousands digit of 612966?
6
What is the units digit of 19399511?
1
What is the units digit of 840527?
7
What is the millions digit of 35230254?
5
What is the ten thousands digit of 2569133?
6
What is the units digit of 8740120?
0
What is the tens digit of 231983?
8
What is the ten thousands digit of 2469652?
6
What is the ten thousands digit of 178300?
7
What is the tens digit of 7246369?
6
What is the millions digit of 6375163?
6
What is the ten thousands digit of 216348?
1
What is the hundreds digit of 96541?
5
What is the hundred thousands digit of 1772827?
7
What is the millions digit of 3250395?
3
What is the ten thousands digit of 2899488?
9
What is the ten thousands digit of 11906604?
0
What is the tens digit of 534917?
1
What is the units digit of 1450684?
4
What is the ten thousands digit of 432896?
3
What is the millions digit of 1700181?
1
What is the thousands digit of 6630517?
0
What is the thousands digit of